{"id":811,"date":"2015-01-16T21:25:47","date_gmt":"2015-01-16T19:25:47","guid":{"rendered":"http:\/\/hubertus-rodenbach.de\/?page_id=811"},"modified":"2023-10-10T14:29:58","modified_gmt":"2023-10-10T12:29:58","slug":"jugend-2","status":"publish","type":"page","link":"https:\/\/hubertus-rodenbach.de\/?page_id=811","title":{"rendered":"Jugend"},"content":{"rendered":"<p>Die Jugend und der Schie\u00dfsport<\/p>\n<p style=\"text-align: justify;\">Der Schie\u00dfsport geh\u00f6rt zu den olympischen Disziplinen.<br \/>\nWer sich dazu entschlie\u00dft, eine Sportart zu betreiben, macht dies in der Regel, um sich in den darin erworbenen F\u00e4higkeiten mit anderen zu messen. F\u00fcr den Schie\u00dfsport kann sich auch entscheiden, wer nicht \u00fcber F\u00e4higkeiten und St\u00e4rken verf\u00fcgt, die f\u00fcr andere Sportarten entscheidend und ausschlaggebend sind. Beim Schie\u00dfsport handelt es sich um eine statische Sportart, die h\u00f6chste Konzentration und Selbstbeherrschung und innere Ausdauer erfordert. Nat\u00fcrlich kann ein allgemein guter Sportler diese Anforderungen leichter erf\u00fcllen. Aber im Schie\u00dfsport hat jeder die M\u00f6glichkeit, bei regelm\u00e4\u00dfigem Training ansehnliche Erfolge zu erlangen.<\/p>\n<p style=\"text-align: justify;\">Sicherlich wird es nicht jedem gelingen, an den olympischen Spielen teilzunehmen, aber auch so gibt es Wettk\u00e4mpfe und Meisterschaften, f\u00fcr die es sich lohnt zu trainieren.<\/p>\n<p style=\"text-align: justify;\">In unserem Verein haben Jugendliche am Anfang die M\u00f6glichkeit festzustellen, ob der Schie\u00dfsport ihnen gef\u00e4llt. Je nach den Vorstellungen des Einzelnen kann er in unserem Verein als Freizeitgestaltung ausge\u00fcbt werden oder, wer weitergehende Ambitionen hat, diesen als Leistungssport betreiben. Hierf\u00fcr findet er in unserem Verein jede Unterst\u00fctzung. Die Jugendleiterin und Trainerin Heike Link ist hierf\u00fcr auch bereit, au\u00dferhalb der normalen Trainingszeiten in Absprache mit den Interessierten zu trainieren.<\/p>\n<p style=\"text-align: justify;\">F\u00fcr die Arbeit mit Jugendlichen im Schie\u00dfsport gibt es gesetzliche Vorschriften, die wir einhalten m\u00fcssen und auch wollen.<\/p>\n<p style=\"text-align: justify;\">F\u00fcr Jugendlich ab dem 12. Lebensjahr kann das Training mit den Luftdruckwaffen angeboten werden. Ab dem 14. Lebensjahr ist das Schie\u00dfen mit Kleinkaliberwaffen m\u00f6glich. Unter besonderen Umst\u00e4nden sind hiervon sogar Ausnahmen m\u00f6glich.<\/p>\n<p style=\"text-align: justify;\">Unsere normalen Trainingszeiten k\u00f6nnen der Homepage entnommen werden. F\u00fcr die Jugend bietet unser Verein dienstags und freitags von 18-20 Uhr Jugendtraining an. Diese Zeiten reichen aus, um die Anfangsfertigkeiten zu erlangen. Wer mehr erreichen will, wird bald feststellen, dass auch dar\u00fcber hinaus Trainingseinheiten erforderlich sind, die auch in Absprache mit der Trainerin ohne Weiteres m\u00f6glich sind.<\/p>\n<p style=\"text-align: justify;\">Alle, die sich f\u00fcr den Schie\u00dfsport interessieren, haben die M\u00f6glichkeit dreimal zu trainieren um festzustellen, ob das f\u00fcr sie die geeignete Sportart ist. F\u00fcr dieses Probetraining m\u00fcssen Sie nichts Besonderes mitbringen.<\/p>\n<p style=\"text-align: justify;\">Danach kommt die Aufnahme als Vereinsmitglied. Jugendliche zahlen keinen Aufnahmebeitrag, f\u00fcr sie betr\u00e4gt der j\u00e4hrliche Mitgliedsbeitrag 25 Euro.<\/p>\n<p style=\"text-align: justify;\">Solltest du Interesse an diesem Sport haben, kannst du gerne an unseren Trainingstagen vorbeischauen und auch deine Eltern mitbringen, damit auch sie sich ein Bild vom Schie\u00dfsport und von unserer Trainingsarbeit machen k\u00f6nnen.<\/p>\n","protected":false},"excerpt":{"rendered":"<p>Die Jugend und der Schie\u00dfsport Der Schie\u00dfsport geh\u00f6rt zu den olympischen Disziplinen. Wer sich dazu entschlie\u00dft, eine Sportart zu betreiben, macht dies in der Regel, um sich in den darin erworbenen F\u00e4higkeiten mit anderen zu messen. F\u00fcr den Schie\u00dfsport kann &hellip; <a href=\"https:\/\/hubertus-rodenbach.de\/?page_id=811\">Weiterlesen <span class=\"meta-nav\">&rarr;<\/span><\/a><\/p>\n","protected":false},"author":3,"featured_media":0,"parent":0,"menu_order":3,"comment_status":"closed","ping_status":"closed","template":"","meta":{"footnotes":"","_links_to":"","_links_to_target":""},"class_list":["post-811","page","type-page","status-publish","hentry"],"_links":{"self":[{"href":"https:\/\/hubertus-rodenbach.de\/index.php?rest_route=\/wp\/v2\/pages\/811","targetHints":{"allow":["GET"]}}],"collection":[{"href":"https:\/\/hubertus-rodenbach.de\/index.php?rest_route=\/wp\/v2\/pages"}],"about":[{"href":"https:\/\/hubertus-rodenbach.de\/index.php?rest_route=\/wp\/v2\/types\/page"}],"author":[{"embeddable":true,"href":"https:\/\/hubertus-rodenbach.de\/index.php?rest_route=\/wp\/v2\/users\/3"}],"replies":[{"embeddable":true,"href":"https:\/\/hubertus-rodenbach.de\/index.php?rest_route=%2Fwp%2Fv2%2Fcomments&post=811"}],"version-history":[{"count":10,"href":"https:\/\/hubertus-rodenbach.de\/index.php?rest_route=\/wp\/v2\/pages\/811\/revisions"}],"predecessor-version":[{"id":2738,"href":"https:\/\/hubertus-rodenbach.de\/index.php?rest_route=\/wp\/v2\/pages\/811\/revisions\/2738"}],"wp:attachment":[{"href":"https:\/\/hubertus-rodenbach.de\/index.php?rest_route=%2Fwp%2Fv2%2Fmedia&parent=811"}],"curies":[{"name":"wp","href":"https:\/\/api.w.org\/{rel}","templated":true}]}}