{"id":42,"date":"2014-05-14T13:22:50","date_gmt":"2014-05-14T11:22:50","guid":{"rendered":"http:\/\/hubertus-rodenbach.de\/wordpress\/?page_id=42"},"modified":"2019-12-10T14:26:46","modified_gmt":"2019-12-10T13:26:46","slug":"jugend","status":"publish","type":"page","link":"https:\/\/hubertus-rodenbach.de\/?page_id=42","title":{"rendered":"Jugendleiterin und Trainerin"},"content":{"rendered":"<p style=\"text-align: center;\"><span style=\"font-size: small;\">Du m\u00f6chtest zusammen mit anderen Jugendlichen den Schie\u00dfsport erlernen?<br \/>\nDann komm zu uns in den Verein!<\/span><\/p>\n<p style=\"text-align: left;\">\n<p><a href=\"https:\/\/hubertus-rodenbach.de\/wordpress\/wp-content\/uploads\/2019\/03\/hl-e1552467304642.jpg\"><img loading=\"lazy\" decoding=\"async\" class=\"size-full wp-image-1965 aligncenter\" src=\"https:\/\/hubertus-rodenbach.de\/wordpress\/wp-content\/uploads\/2019\/03\/hl-e1552467304642.jpg\" alt=\"\" width=\"116\" height=\"174\" \/><\/a><br \/>\nHeike Link ist die kompetente Trainerin, die Dir bei Deiner Ausbildung hilft. Sie ist Inhaberin der Jugendbasislizenz und der C-Trainer-Lizenz des Deutschen Sch\u00fctzenbundes.<\/p>\n<p>Wenn Du mindestens 12 Jahre alt bist und es Dir Deine Eltern erlauben, komm doch\u00a0 einfach unverbindlich w\u00e4hrend unserer Trainingszeiten zu uns ins Sch\u00fctzenhaus!<br \/>\nUnter Anleitung unserer Trainer und Benutzung der vom Verein zur Verf\u00fcgung gestellten Waffen und Ausr\u00fcstung werden sich dann nach flei\u00dfigem \u00dcben schnell Erfolge einstellen.<\/p>\n<p>Wer wei\u00df, vielleicht stehst Du dann eines Tages auch auf dem Siegerpodest&#8230;<\/p>\n","protected":false},"excerpt":{"rendered":"<p>Du m\u00f6chtest zusammen mit anderen Jugendlichen den Schie\u00dfsport erlernen? Dann komm zu uns in den Verein! Heike Link ist die kompetente Trainerin, die Dir bei Deiner Ausbildung hilft. Sie ist Inhaberin der Jugendbasislizenz und der C-Trainer-Lizenz des Deutschen Sch\u00fctzenbundes. Wenn &hellip; <a href=\"https:\/\/hubertus-rodenbach.de\/?page_id=42\">Weiterlesen <span class=\"meta-nav\">&rarr;<\/span><\/a><\/p>\n","protected":false},"author":2,"featured_media":0,"parent":811,"menu_order":6,"comment_status":"closed","ping_status":"closed","template":"","meta":{"footnotes":"","_links_to":"","_links_to_target":""},"class_list":["post-42","page","type-page","status-publish","hentry"],"_links":{"self":[{"href":"https:\/\/hubertus-rodenbach.de\/index.php?rest_route=\/wp\/v2\/pages\/42","targetHints":{"allow":["GET"]}}],"collection":[{"href":"https:\/\/hubertus-rodenbach.de\/index.php?rest_route=\/wp\/v2\/pages"}],"about":[{"href":"https:\/\/hubertus-rodenbach.de\/index.php?rest_route=\/wp\/v2\/types\/page"}],"author":[{"embeddable":true,"href":"https:\/\/hubertus-rodenbach.de\/index.php?rest_route=\/wp\/v2\/users\/2"}],"replies":[{"embeddable":true,"href":"https:\/\/hubertus-rodenbach.de\/index.php?rest_route=%2Fwp%2Fv2%2Fcomments&post=42"}],"version-history":[{"count":24,"href":"https:\/\/hubertus-rodenbach.de\/index.php?rest_route=\/wp\/v2\/pages\/42\/revisions"}],"predecessor-version":[{"id":2123,"href":"https:\/\/hubertus-rodenbach.de\/index.php?rest_route=\/wp\/v2\/pages\/42\/revisions\/2123"}],"up":[{"embeddable":true,"href":"https:\/\/hubertus-rodenbach.de\/index.php?rest_route=\/wp\/v2\/pages\/811"}],"wp:attachment":[{"href":"https:\/\/hubertus-rodenbach.de\/index.php?rest_route=%2Fwp%2Fv2%2Fmedia&parent=42"}],"curies":[{"name":"wp","href":"https:\/\/api.w.org\/{rel}","templated":true}]}}